 Calculate y(-32).
244
Let h(o) = 2*o**2 - 30*o + 61. Calculate h(5).
-39
Let v(z) = -z**2 + 183*z - 1094. What is v(6)?
-32
Let n(a) = 5*a**2 + 3*a - 43. Determine n(3).
11
Let c(d) = d**3 - 18*d**2 - 43*d - 9. Determine c(-2).
-3
Let x(t) = -t**3 + 51*t**2 + 8*t - 411. Give x(51).
-3
Let w(k) = -k**2 - 11*k + 25. What is w(-17)?
-77
Let v(o) = 2*o**2 + 62*o + 366. Give v(-19).
-90
Let x(s) = -2602*s + 10344. Calculate x(4).
-64
Let y(q) = -2600*q - 13012. Determine y(-5).
-12
Let m(j) = -j**2 + 30*j + 3059. Calculate m(72).
35
Let b(r) = 2967*r - 231424. Determine b(78).
2
Let c(q) = -2*q**2 - 16*q + 150. Determine c(-14).
-18
Let b(n) = n**3 + n**2 - 184*n - 1. Give b(13).
-27
Let c(t) = 12*t - 5. Calculate c(1).
7
Let r(c) = 32*c - 343. Calculate r(9).
-55
Let x(i) = 2*i**2 + 103*i + 1272. Calculate x(-30).
-18
Let a(c) = -197*c - 1214. Calculate a(-6).
-32
Let r(m) = m**2 - 193*m + 7244. Calculate r(51).
2
Let a(u) = 310*u + 966. Give a(-3).
36
Let p(i) = 2*i**3 + 6*i**2 + 17*i + 6. What is p(-3)?
-45
Let x(c) = 11*c**2 + 155*c - 124. Give x(-15).
26
Let w(l) = 157*l - 1761. Calculate w(12).
123
Let j(v) = -2774*v - 66585. Give j(-24).
-9
Let h(c) = -3*c**2 - 83*c + 56. Calculate h(-28).
28
Let v(j) = 68*j**3 - 4*j**2 - 28*j + 62. Determine v(2).
534
Let k(s) = -5*s**3 + 325*s**2 + s - 33. What is k(65)?
32
Let y(o) = 41*o**2 + 45*o + 2. Determine y(-1).
-2
Let x(m) = 524*m - 62358. Give x(119).
-2
Let t(h) = -13*h - 739. Give t(-55).
-24
Let j(a) = -3*a**2 + 153*a - 1096. Give j(9).
38
Let y(r) = 35*r + 474. Determine y(-20).
-226
Let k(w) = -w**3 + 72*w**2 + 69*w + 300. Calculate k(73).
8
Let a(g) = -g**2 - 26*g - 34. Calculate a(-18).
110
Let w(v) = 2*v**2 - 45*v + 67. Calculate w(21).
4
Let w(a) = 40*a - 203. What is w(5)?
-3
Let b(t) = -9*t - 46. Calculate b(13).
-163
Let c(o) = -o**3 - 3*o**2 + 304*o - 64. What is c(-19)?
-64
Let v(y) = -6*y - 161. Give v(-20).
-41
Let j(c) = c**2 + 54*c - 674. Determine j(9).
-107
Let g(l) = -l**3 - 43*l**2 + 138*l - 70. Determine g(-46).
-70
Let z(u) = 3*u + 12. What is z(-32)?
-84
Let b(m) = -1156*m + 1161. Calculate b(1).
5
Let t(u) = 511*u - 25563. What is t(50)?
-13
Let d(q) = 30*q - 136. Determine d(9).
134
Let n(l) = -55*l**3 + 7*l**2 + 13*l + 6. Give n(-1).
55
Let v(i) = i**3 + 72*i**2 - 471*i + 6. Calculate v(6).
-12
Let w(a) = -a**2 - 11*a + 2. What is w(-8)?
26
Let r(g) = -50*g + 294. Calculate r(7).
-56
Let r(q) = -3*q**3 - 6*q**2 + 4*q + 19. Determine r(-4).
99
Let t(b) = -b**3 - 28*b**2 - 65*b + 254. What is t(-25)?
4
Let i(w) = -636*w - 3859. Determine i(-6).
-43
Let v(b) = 2*b**2 - 14*b - 318. Determine v(-9).
-30
Let b(l) = l**3 - 10*l**2 + 14*l - 108. What is b(10)?
32
Let n(l) = 72*l - 2132. What is n(34)?
316
Let y(u) = 3*u**2 + 141*u - 100. Give y(-47).
-100
Let q(c) = 28*c**3 - 206*c**2 - 149*c + 33. What is q(8)?
-7
Let r(l) = l**2 - 10*l - 12. Determine r(-2).
12
Let x(w) = 3*w**3 - 99*w**2 + 19*w - 500. Calculate x(33).
127
Let k(n) = n**3 + 52*n**2 - 916*n + 532. What is k(-66)?
4
Let s(c) = -c**3 - 8*c**2 + 131*c - 54. Give s(8).
-30
Let o(n) = -51*n - 370. What is o(-9)?
89
Let a(k) = -k**2 - 3*k + 24. Give a(0).
24
Let r(w) = 732*w - 2213. Calculate r(3).
-17
Let p(b) = -197*b + 411. Give p(2).
17
Let w(r) = 76*r + 43. What is w(-3)?
-185
Let f(w) = 2292*w - 572999. Calculate f(250).
1
Let y(i) = -2*i**3 - 26*i**2 - 59*i - 128. Determine y(-11).
37
Let j(n) = -2*n**2 + 108*n - 13. Determine j(53).
93
Let k(d) = -1555*d + 5. Determine k(0).
5
Let x(t) = -t**2 - 56*t + 190. Calculate x(-59).
13
Let i(g) = 3*g**2 - 146*g + 532. Give i(4).
-4
Let l(x) = x**3 - 72*x**2 + 272*x + 125. Determine l(68).
125
Let u(n) = -11*n**2 - 38*n - 85. What is u(-3)?
-70
Let g(b) = -63*b - 165. Determine g(-3).
24
Let h(y) = 60*y - 1094. Determine h(18).
-14
Let o(z) = 41*z - 134. Determine o(-6).
-380
Let m(y) = -60*y + 1979. Determine m(33).
-1
Let m(t) = -3*t**2 - 10*t - 57. Determine m(9).
-390
Let t(s) = 9*s**2 - 6*s - 35. Give t(-3).
64
Let k(n) = -10*n**3 + 33*n**2 + n - 6. Give k(4).
-114
Let j(k) = -k**3 - 113*k**2 - 439*k - 316. What is j(-109)?
11
Let p(y) = -y**3 + 12*y**2 - 21*y + 86. Calculate p(7).
184
Let f(n) = -46*n - 810. Determine f(-17).
-28
Let f(s) = -9*s**2 - 455*s - 2246. Calculate f(-45).
4
Let p(w) = 5*w + 180. Give p(-38).
-10
Let l(n) = 4542*n + 81763. Determine l(-18).
7
Let m(y) = 2*y**2 + 23*y - 381. What is m(11)?
114
Let l(w) = w**3 + 58*w**2 - 119*w - 40. Determine l(-60).
-100
Let h(s) = 10*s - 107. Give h(20).
93
Let n(d) = -48*d + 1005. Determine n(21).
-3
Let y(f) = -40*f + 742. Determine y(21).
-98
Let d(t) = -t**3 - 24*t**2 - 25*t - 109. What is d(-23)?
-63
Let j(a) = 24*a - 31. Determine j(-2).
-79
Let d(v) = v**3 + 26*v**2 + 60*v. Give d(-23).
207
Let u(q) = -4*q**2 + 83*q - 140. Determine u(17).
115
Let s(u) = -u**2 + 306*u + 9337. Determine s(-28).
-15
Let c(z) = -z**3 + 59*z**2 - 193*z + 1404. Calculate c(56).
4
Let t(q) = 1191*q + 9518. Determine t(-8).
-10
Let g(l) = 584*l - 33896. Calculate g(58).
-24
Let k(t) = 4*t**3 + 15*t**2 + 2*t - 16. Determine k(-5).
-151
Let h(t) = -4*t**3 - 3*t**2 + 11*t - 43. What is h(4)?
-303
Let h(p) = -8*p - 39. What is h(-9)?
33
Let n(o) = -o**3 - 16*o**2 - 4*o + 23. Determine n(-14).
-313
Let g(z) = -6*z**2 + 44*z + 429. What is g(13)?
-13
Let h(r) = -15*r - 556. What is h(-39)?
29
Let t(w) = 2*w**3 - 14*w**2 - 518*w + 3627. Calculate t(7).
1
Let x(c) = -2*c**3 + 9*c**2 + 46*c - 82. What is x(7)?
-5
Let o(d) = -d**3 - 6*d**2 + 126*d + 659. Give o(-5).
4
Let c(z) = z**2 - 8*z + 42. Calculate c(14).
126
Let r(o) = 2*o**2 - 234*o - 3375. Calculate r(-13).
5
Let f(m) = m**2 - 28*m + 117. Give f(6).
-15
Let f(r) = -r**2 - 135*r + 1118. What is f(8)?
-26
Let y(q) = -47*q**2 - 23*q + 1. What is y(1)?
-69
Let v(r) = -42*r - 26. Give v(-5).
184
Let d(q) = 526*q + 654. Calculate d(-2).
-398
Let j(m) = -m**3 + 9*m**2 + 6*m - 593. Calculate j(0).
-593
Let r(c) = 4768*c - 76289. Calculate r(16).
-1
Let t(h) = -397*h - 1990. Determine t(-5).
-5
Let v(o) = -10*o + 1062. What is v(81)?
252
Let u(q) = 317*q + 7919. Give u(-25).
-6
Let h(a) = -a**2 - 145*a - 1045. Determine h(-8).
51
Let l(y) = 2*y**2 + 116*y + 977. What is l(-48)?
17
Let s(p) = p**2 + 11*p - 687. What is s(22)?
39
Let c(p) = -p**2 - 99*p + 3253. Calculate c(26).
3
Let k(g) = g**3 - 11*g**2 + 5*g. Determine k(11).
55
Let d(c) = -2*c**3 - 5*c**2 + 5*c. What is d(1)?
-2
Let c(t) = 82*t + 219. Determine c(-3).
-27
Let h(m) = 6*m**3 - 23*m**2 + 135*m - 360. Determine h(3).
0
Let p(z) = 3*z - 36. What is p(2)?
-30
Let j(i) = 42*i + 188. What is j(-4)?
20
Let k(n) = n**3 - 61*n - 157. Calculate k(-3).
-1
Let c(u) = -u**3 - 14*u**2 - 46*u + 6. Give c(-8).
-10
Let w(g) = 3*g**2 - 58*g + 212. Determine w(4).
28
Let m(o) = -29*o - 5341. Calculate m(-184).
-5
Let z(n) = -28*n + 1238. Determine z(45).
-22
Let b(s) = s**3 + 14*s**2 - 24*s - 21. Determine b(-15).
114
Let h(x) = -180*x**3 - 2*x**2 - x + 2. Calculate h(1).
-181
Let m(i) = -i**2 - 3172*i + 44601. Give m(14).
-3
Let a(k) = -k**2 - 45*k - 315. Determine a(-7).
-49
Let k(l) = -l**2 - 44*l + 62. Determine k(-45).
17
Let u(r) = 5*r**2 + 31*r - 133. Determine u(3).
5
Let v(l) = 92*l - 91. Give v(1).
1
Let g(d) = -31*d + 383. Determine g(12).
11
Let m(p) = -22*p**3 + 10*p**2 + 9*p - 20. Give m(2).
-138
Let j(r) = r**2 - 133*r + 4000. Calculate j(46).
-2
Let r(u) = 4017*u + 8026. Give r(-2).
-8
Let p(v) = -4*v**3 - 3*v**2 + 31*v - 4. Calculate p(4).
-184
Let j(h) = h**2 - 46*h - 73. Give j(48).
23
Let n(p) = p**3 + 25*p**2 - 114*p + 118. Determine n(2).
-2
Let h(o) = o**3 + 3*o**2 - 234*o + 73. Determine h(-17).
5
Let p(x) = x**3 - 3*x**2 - 10*x + 10. Calculate p(6).
58
Let i(x) = x**3 + 197*x**2 - 199*x - 183. Give i(-198).
15
Let i(z) = -z**2 + 42*z - 183. Give i(40).
-103
Let h(c) = -28*c - 38. What is h(-2)?
18
Let w(n) = n**3 - 9*n**2 + 19*n - 39. Determine w(7).
-4
Let x(f) = f**3 + 25*f**2 - 8*f + 19. Calculate x(0).
19
Let z(i) = i**2 + 51*i - 4791. Determine z(-98).
-185
Let t(x) = x**2 + 74*x + 1201. Calculate t(-47).
-68
Let w(d) = -21*d - 72. Determine w(-8).
96
Let k(c) = c**3 + 36*c**2 + 68*c + 71. Give k(-34).
71
Let j(c) = 13*c + 1. Determine j(2).
27
Let z(v) = -v**2 - 459*v - 11657. What is z(-27